*z(m). What is the units digit of a(27)?
3
Suppose -25 = 5*o, 21*o - 20*o - 199 = -w. Suppose q - 125 = w. What is the hundreds digit of q?
3
Let o = -55839 + 102481. What is the thousands digit of o?
6
Suppose -52*g + 19695 = -225782 - 305723. What is the hundreds digit of g?
6
Let y be (420 - 11) + (1 - -4). Suppose 0 = 4*c + 2*m - 564, 5*c - 3*m - y = 2*c. What is the tens digit of c?
4
Suppose -5 = y, -3*f - 75*y + 18265 = -80*y. What is the units digit of f?
0
Let i(u) be the second derivative of -u**5/20 + 8*u**4/3 - 19*u**3/6 + 21*u**2 - 14*u - 3. What is the tens digit of i(31)?
1
Suppose -46736 = -4*k + 4*z, 4*k + 15*z - 46700 = 13*z. What is the hundreds digit of k?
6
Suppose 3*x = -v + 5, -v + 2*x = 6 + 4. What is the hundreds digit of v*(4 + (-2516)/16)?
6
Let m = 1153 - 2569. Let g = -702 - m. What is the units digit of g?
4
Suppose 25 = -4*f + 9*f. Let t(w) = w**2 + 2*w + 2. Let q be t(0). Suppose -163 = -4*y + f*h, q*y + 0*h - 83 = 3*h. What is the tens digit of y?
3
Suppose -u - 20 = -6*u. Let l be 9/(-18) + (-118)/u. Let q = l + 89. What is the units digit of q?
9
Suppose r + 3*r = 200. Let t = r - -14. Let y = 66 - t. What is the units digit of y?
2
Let d(h) = h**3 + 8*h**2 - 5*h - 12. Let v be d(-4). Let j(k) = 19*k**3 - 3*k**2 + 4*k - 2. Let z be j(2). Suppose 2*x = v + z. What is the units digit of x?
9
Suppose b = 4*p - 0*b - 27, -4*p + 26 = -2*b. Let a be (30/p)/(2/14). Suppose 2*d = x + 38, 5*d = 3*d - 3*x + a. What is the tens digit of d?
1
Let r(y) = -y**3 - 45*y**2 + y + 370. What is the hundreds digit of r(-57)?
3
Let u(x) = 3*x**2 - 53*x + 3. Let p be u(18). Suppose 0 = -6*d + p*d - 7320. What is the hundreds digit of d?
4
Let f(c) = 3*c**3 + 15*c**2 - 33*c + 93. What is the units digit of f(11)?
8
Suppose 52*v - 2517 = 49*v. Suppose -v = -6*f + 781. What is the tens digit of f?
7
Let z be 172515/175 + 18/(-10) + 2. Let f = z + -605. What is the units digit of f?
1
Let y be -2 - (1*-8 - -2). Let p(o) = o**3 - 11*o**2 - 12*o + 31. Let i be p(12). What is the tens digit of ((-9)/(-6)*i)/(y/8)?
9
Let z(a) = 16 - 3*a + 3*a**2 - 4*a**2 + 14*a + 2*a**2. Let y be z(13). Suppose 2*n = -5*i + 543, -i = 2*i - n - y. What is the hundreds digit of i?
1
Let s be (-1719)/12 + 3/(-4). Let d = s + -68. Let c = d - -322. What is the units digit of c?
0
Suppose -2*f - 24 = -5*f - 2*z, -5*f = 4*z - 38. Let h = 552 + -698. What is the tens digit of f/40*(2 - h)?
3
Let x = 209 + -353. Let c = x - -464. What is the units digit of c?
0
Let z(d) = d**2 + 67*d - 356. What is the units digit of z(115)?
4
Suppose 0*v - 3*v + 42 = 0. Suppose -15*x + 7 = -v*x. Let a = x - 2. What is the units digit of a?
5
Let w = 21 - 20. What is the units digit of (w - (-310)/50)*(-1 + 51)?
0
Let q = 258 + -159. Let b(y) = -21*y - 12. Let x be b(-4). Let s = q - x. What is the units digit of s?
7
Suppose -3*n + 86 - 26 = 0. Suppose -90 = n*m - 25*m. Suppose -5*y - m - 69 = -h, 5*h = -5*y + 525. What is the tens digit of h?
0
Let s = 3868 + -3337. What is the units digit of s?
1
Suppose 74*c - 126 = 53*c. Suppose -f + c*f = 1280. What is the units digit of f?
6
Let b(t) = -2*t**3 - 32*t**2 + 24*t + 43. Let q be -8 - (7/(-1) + 1) - 16. What is the tens digit of b(q)?
0
Let y(w) = -286*w - 86. Let k be y(3). What is the units digit of -10*2/8*k/40?
9
Let o = 4 - 3. Let l = -2393 - -2412. What is the units digit of (l - 18) + o + 185?
7
Let d(r) = 8*r - 13. Let w be d(11). Suppose -2*f + 3*h = 2*h + w, 2*f = -h - 81. What is the units digit of ((-5)/(-3))/((-1)/f)?
5
Let d = 547 + 4978. What is the tens digit of d?
2
Let g(t) = -9*t - 171. Let h be g(-19). Suppose h = -37*i + 29*i + 3872. What is the hundreds digit of i?
4
Let m = 1228 - 2192. Let u = m + 1624. What is the units digit of u?
0
Let v = -71 - -73. Suppose -4208 = -4*x - 4*n, -2142 = 4*x + v*n - 6352. What is the hundreds digit of x?
0
Let l = -1522 - -4790. What is the thousands digit of l?
3
Let j = 3410 - -745. What is the units digit of j?
5
Let c be -2*6/(24/14). Let m(a) = -a - 3. Let h be m(c). Suppose -165 = -h*w + 195. What is the tens digit of w?
9
Suppose 1 - 151 = -10*a. What is the units digit of ((-95)/a*69)/(-1)?
7
Suppose 0 = -4*r - 4*r - 496. Let n = r + 119. Suppose -m + 0*b - 5*b + n = 0, 3*m - 188 = 2*b. What is the tens digit of m?
6
Suppose 0 = 5*h - 5*v - 49870, -2*h + 6*v + 19913 = 9*v. What is the hundreds digit of h?
9
Let f(d) = -2*d**2 + 29*d - 18. Let c be f(14). What is the units digit of c*537/(-12) - 4?
5
Let d(k) be the second derivative of 3*k**5/5 - k**4/12 + k**3/2 + 2*k**2 - k + 2. What is the tens digit of d(3)?
2
Let x(y) be the second derivative of y**5/20 + 5*y**4/12 + 2*y**3/3 - y**2/2 - 9*y. Let d be x(-2). What is the tens digit of (d + 42)*(-1 - -2)?
4
Let k(p) = 12*p - 34. Let m(r) = 34*r - 103. Let v(o) = 7*k(o) - 2*m(o). Suppose -2 = -2*j + 14. What is the tens digit of v(j)?
9
Suppose 12 = 5*q + 3*x, -3*q - x + 0*x + 8 = 0. Let w be 9*33/63 - 2/(-7). Suppose -4*p = 3*r - 151, -q*p = -w*r - p + 217. What is the units digit of r?
5
Suppose 2*c + 3339 = 4*j + 167, 0 = -5*j + 5*c + 3975. Suppose -j*m = -796*m + 6910. What is the tens digit of m?
8
Suppose -a + 96 = 11*a. Suppose a = -3*s - 2*d - 6, 2 = s + 2*d. Let z = s + 17. What is the units digit of z?
9
Let y(t) = t**2 - 2. Let z(s) = 33*s**2 - 3*s - 1. Let c(v) = -2*y(v) + z(v). What is the hundreds digit of c(-3)?
2
Let p = -33 - -1200. Let v = p - 467. What is the hundreds digit of v?
7
Suppose 40*h - 108622 - 381298 = 0. What is the ten thousands digit of h?
1
Let r(t) = 4*t**3 + 25*t**2 + 19*t - 8. What is the thousands digit of r(5)?
1
Let o(p) be the first derivative of -2*p**2 - 6*p + 16. Let b be o(-8). What is the units digit of 150/39 + 4/b?
4
Suppose -5*y - 53*h + 27271 = -51*h, -2*h - 4 = 0. What is the thousands digit of y?
5
Suppose -y + 5 = -5*z, 0*y = -z + 3*y + 13. What is the units digit of z + 2 + (-5 - (-425 + 4))?
6
Suppose -12 = 31*j - 27*j. What is the units digit of (-8 - -6)/((-292)/(-98) + j)?
8
Suppose -4*o + 1132 = -2228. Let v be o/(-9)*18/(-15). Suppose -44 - v = -2*x. What is the tens digit of x?
7
Let f(z) = -z**2 + 11*z - 8. Let a be f(7). Let h = 2 - a. What is the tens digit of -3 + (-104)/(-36) + (-722)/h?
4
Suppose 14*r - 16*r = 0. Let d(y) = 3 + 23*y + 7 - y**2 + r + 0*y. What is the hundreds digit of d(13)?
1
Let d = 126 - 86. Let p = d - 15. What is the tens digit of p + (1 - (4 - 4))?
2
Suppose 0 = -x + 4*u + 2052, -10292 = -5*x + 59*u - 55*u. What is the hundreds digit of x?
0
What is the hundreds digit of (10365 + 3)*((-4)/(-38) + (-294)/(-456))?
7
Let u(f) = 4*f**3 + 10*f**2 - 264*f - 10. What is the thousands digit of u(12)?
5
Let g(i) = 3*i**2 + 16*i + 56. Let j be g(-8). Suppose -4*t + j = t. What is the tens digit of t?
2
Suppose -4 = b - 23. Suppose 15*j - 12 = b*j. What is the tens digit of -3 - ((-29)/2 + j/6)?
1
Suppose -311754 = -24*h + 222556 - 180886. What is the hundreds digit of h?
7
Let x(u) = 103*u - 162 + 468 - 223. What is the hundreds digit of x(6)?
7
Let d be 6*6/21*(-105)/(-18). Suppose 0 = -4*w - 4*g + 1036, 5*w = d*w + 2*g - 1283. What is the tens digit of w?
5
Let l be ((3 + -4)/3)/((-1)/12). Suppose l*x = 3*z + 81 + 84, 4*z + 220 = x. Let j = z - -102. What is the units digit of j?
7
Suppose -16*m = -84362 + 70555 - 160705. What is the ten thousands digit of m?
1
Let x(a) = a**3 + 9*a**2 + 9*a + 17. Let c be x(-8). Suppose -c = -9*t - 0. What is the tens digit of (13/(-4))/(t/(-44))?
4
Let f = 1372 + -471. Let j = 1899 - f. What is the tens digit of j?
9
Let q be (-4)/(-14) + 350/490. Suppose b + 2*g = 26, -2*b + b + 5*g + 19 = 0. What is the hundreds digit of 4/(b/(-255))*(q + -5)?
1
Let z(d) = -d**3 - 6*d**2 - 6*d - 2. Let r be z(-5). Suppose 126 = 2*v + 2*v + r*g, 10 = -5*g. Suppose v*b - 35*b + 352 = 0. What is the tens digit of b?
7
Suppose -2*m - x = -3*x - 2, m - 2*x = 1. What is the tens digit of m/(2/(-3))*1494/(-27)?
8
What is the hundreds digit of ((-172)/(-14))/(66/19866)?
6
Let k(t) = 352*t**2 - 78*t - 615. What is the units digit of k(-7)?
9
Let s be (-7)/(-2)*(-1 - 22/(-14)). Suppose 0 = v + s. Let i = v + 17. What is the units digit of i?
5
Let n(x) = 77*x**2 - 13*x + 5. Let b = 39 - 21. Let m(l) = 19*l**2 - 3*l